{"id":126,"date":"2021-04-09T19:23:37","date_gmt":"2021-04-09T22:23:37","guid":{"rendered":"https:\/\/mifruta.cl\/web\/?post_type=product&#038;p=126"},"modified":"2021-04-17T12:58:37","modified_gmt":"2021-04-17T15:58:37","slug":"pasas-thompson","status":"publish","type":"product","link":"https:\/\/mifruta.cl\/web\/producto\/pasas-thompson\/","title":{"rendered":"Pasas Thompson"},"content":{"rendered":"<p>Pasas elaboradas a partir de uvas secadas al sol.<br \/>\nSin olor, sin sabores amargos, fermentados o extra\u00f1os.<br \/>\nDe consistencia firme, de color caf\u00e9 a caf\u00e9 claro.<br \/>\nAspecto de bayas uniformes y bien desarrolladas.<br \/>\nLigeramente brillante por la cubierta de aceite vegetal.<\/p>\n","protected":false},"excerpt":{"rendered":"<p>Pasas elaboradas a partir de uvas secadas al sol. Sin olor, sin sabores amargos, fermentados o extra\u00f1os. De consistencia firme, de color caf\u00e9 a caf\u00e9 claro.<span class=\"excerpt-hellip\"> [\u2026]<\/span><\/p>\n","protected":false},"featured_media":128,"template":"","meta":[],"class_list":["post-126","product","type-product","status-publish","has-post-thumbnail","hentry","product_cat-pasas"],"_links":{"self":[{"href":"https:\/\/mifruta.cl\/web\/wp-json\/wp\/v2\/product\/126","targetHints":{"allow":["GET"]}}],"collection":[{"href":"https:\/\/mifruta.cl\/web\/wp-json\/wp\/v2\/product"}],"about":[{"href":"https:\/\/mifruta.cl\/web\/wp-json\/wp\/v2\/types\/product"}],"wp:featuredmedia":[{"embeddable":true,"href":"https:\/\/mifruta.cl\/web\/wp-json\/wp\/v2\/media\/128"}],"wp:attachment":[{"href":"https:\/\/mifruta.cl\/web\/wp-json\/wp\/v2\/media?parent=126"}],"curies":[{"name":"wp","href":"https:\/\/api.w.org\/{rel}","templated":true}]}}